{"id":4875,"date":"2025-03-05T12:04:17","date_gmt":"2025-03-05T12:04:17","guid":{"rendered":"https:\/\/www.fasb2.it\/lavorazioni\/corte-por-laser-de-chapas-metalicas\/"},"modified":"2025-03-05T12:04:17","modified_gmt":"2025-03-05T12:04:17","slug":"corte-por-laser-de-chapas-metalicas","status":"publish","type":"process","link":"https:\/\/www.fasb2.it\/es\/procesos\/corte-por-laser-de-chapas-metalicas\/","title":{"rendered":"Corte por l\u00e1ser de chapas met\u00e1licas"},"content":{"rendered":"","protected":false},"featured_media":4876,"template":"","meta":{"_acf_changed":false,"inline_featured_image":false},"class_list":["post-4875","process","type-process","status-publish","has-post-thumbnail","hentry"],"acf":[],"yoast_head":"<!-- This site is optimized with the Yoast SEO plugin v27.5 - https:\/\/yoast.com\/product\/yoast-seo-wordpress\/ -->\n<title>Corte por l\u00e1ser de chapas met\u00e1licas - Fasb Linea 2<\/title>\n<meta name=\"description\" content=\"Descubre la l\u00ednea de corte por l\u00e1ser de chapa 2 de Fasb: Tecnolog\u00eda l\u00e1ser de fibra para procesar hierro, acero inoxidable, aluminio, lat\u00f3n y cobre. Ponte en contacto con nosotros\" \/>\n<meta name=\"robots\" content=\"index, follow, max-snippet:-1, max-image-preview:large, max-video-preview:-1\" \/>\n<link rel=\"canonical\" href=\"https:\/\/www.fasb2.it\/es\/procesos\/corte-por-laser-de-chapas-metalicas\/\" \/>\n<meta property=\"og:locale\" content=\"es_ES\" \/>\n<meta property=\"og:type\" content=\"article\" \/>\n<meta property=\"og:title\" content=\"Corte por l\u00e1ser de chapas met\u00e1licas - Fasb Linea 2\" \/>\n<meta property=\"og:description\" content=\"Descubre la l\u00ednea de corte por l\u00e1ser de chapa 2 de Fasb: Tecnolog\u00eda l\u00e1ser de fibra para procesar hierro, acero inoxidable, aluminio, lat\u00f3n y cobre. Ponte en contacto con nosotros\" \/>\n<meta property=\"og:url\" content=\"https:\/\/www.fasb2.it\/es\/procesos\/corte-por-laser-de-chapas-metalicas\/\" \/>\n<meta property=\"og:site_name\" content=\"Fasb Linea 2\" \/>\n<meta property=\"og:image\" content=\"https:\/\/www.fasb2.it\/wp-content\/uploads\/2025\/03\/10.png\" \/>\n\t<meta property=\"og:image:width\" content=\"940\" \/>\n\t<meta property=\"og:image:height\" content=\"788\" \/>\n\t<meta property=\"og:image:type\" content=\"image\/png\" \/>\n<meta name=\"twitter:card\" content=\"summary_large_image\" \/>\n<script type=\"application\/ld+json\" class=\"yoast-schema-graph\">{\"@context\":\"https:\\\/\\\/schema.org\",\"@graph\":[{\"@type\":\"WebPage\",\"@id\":\"https:\\\/\\\/www.fasb2.it\\\/es\\\/procesos\\\/corte-por-laser-de-chapas-metalicas\\\/\",\"url\":\"https:\\\/\\\/www.fasb2.it\\\/es\\\/procesos\\\/corte-por-laser-de-chapas-metalicas\\\/\",\"name\":\"Corte por l\u00e1ser de chapas met\u00e1licas - Fasb Linea 2\",\"isPartOf\":{\"@id\":\"https:\\\/\\\/www.fasb2.it\\\/es\\\/#website\"},\"primaryImageOfPage\":{\"@id\":\"https:\\\/\\\/www.fasb2.it\\\/es\\\/procesos\\\/corte-por-laser-de-chapas-metalicas\\\/#primaryimage\"},\"image\":{\"@id\":\"https:\\\/\\\/www.fasb2.it\\\/es\\\/procesos\\\/corte-por-laser-de-chapas-metalicas\\\/#primaryimage\"},\"thumbnailUrl\":\"https:\\\/\\\/www.fasb2.it\\\/wp-content\\\/uploads\\\/2025\\\/03\\\/10.png\",\"datePublished\":\"2025-03-05T12:04:17+00:00\",\"description\":\"Descubre la l\u00ednea de corte por l\u00e1ser de chapa 2 de Fasb: Tecnolog\u00eda l\u00e1ser de fibra para procesar hierro, acero inoxidable, aluminio, lat\u00f3n y cobre. Ponte en contacto con nosotros\",\"breadcrumb\":{\"@id\":\"https:\\\/\\\/www.fasb2.it\\\/es\\\/procesos\\\/corte-por-laser-de-chapas-metalicas\\\/#breadcrumb\"},\"inLanguage\":\"es\",\"potentialAction\":[{\"@type\":\"ReadAction\",\"target\":[\"https:\\\/\\\/www.fasb2.it\\\/es\\\/procesos\\\/corte-por-laser-de-chapas-metalicas\\\/\"]}]},{\"@type\":\"ImageObject\",\"inLanguage\":\"es\",\"@id\":\"https:\\\/\\\/www.fasb2.it\\\/es\\\/procesos\\\/corte-por-laser-de-chapas-metalicas\\\/#primaryimage\",\"url\":\"https:\\\/\\\/www.fasb2.it\\\/wp-content\\\/uploads\\\/2025\\\/03\\\/10.png\",\"contentUrl\":\"https:\\\/\\\/www.fasb2.it\\\/wp-content\\\/uploads\\\/2025\\\/03\\\/10.png\",\"width\":940,\"height\":788},{\"@type\":\"BreadcrumbList\",\"@id\":\"https:\\\/\\\/www.fasb2.it\\\/es\\\/procesos\\\/corte-por-laser-de-chapas-metalicas\\\/#breadcrumb\",\"itemListElement\":[{\"@type\":\"ListItem\",\"position\":1,\"name\":\"Home\",\"item\":\"https:\\\/\\\/www.fasb2.it\\\/es\\\/pagina-de-inicio\\\/\"},{\"@type\":\"ListItem\",\"position\":2,\"name\":\"Corte por l\u00e1ser de chapas met\u00e1licas\"}]},{\"@type\":\"WebSite\",\"@id\":\"https:\\\/\\\/www.fasb2.it\\\/es\\\/#website\",\"url\":\"https:\\\/\\\/www.fasb2.it\\\/es\\\/\",\"name\":\"Fasb Linea 2\",\"description\":\"\",\"potentialAction\":[{\"@type\":\"SearchAction\",\"target\":{\"@type\":\"EntryPoint\",\"urlTemplate\":\"https:\\\/\\\/www.fasb2.it\\\/es\\\/?s={search_term_string}\"},\"query-input\":{\"@type\":\"PropertyValueSpecification\",\"valueRequired\":true,\"valueName\":\"search_term_string\"}}],\"inLanguage\":\"es\"}]}<\/script>\n<!-- \/ Yoast SEO plugin. -->","yoast_head_json":{"title":"Corte por l\u00e1ser de chapas met\u00e1licas - Fasb Linea 2","description":"Descubre la l\u00ednea de corte por l\u00e1ser de chapa 2 de Fasb: Tecnolog\u00eda l\u00e1ser de fibra para procesar hierro, acero inoxidable, aluminio, lat\u00f3n y cobre. Ponte en contacto con nosotros","robots":{"index":"index","follow":"follow","max-snippet":"max-snippet:-1","max-image-preview":"max-image-preview:large","max-video-preview":"max-video-preview:-1"},"canonical":"https:\/\/www.fasb2.it\/es\/procesos\/corte-por-laser-de-chapas-metalicas\/","og_locale":"es_ES","og_type":"article","og_title":"Corte por l\u00e1ser de chapas met\u00e1licas - Fasb Linea 2","og_description":"Descubre la l\u00ednea de corte por l\u00e1ser de chapa 2 de Fasb: Tecnolog\u00eda l\u00e1ser de fibra para procesar hierro, acero inoxidable, aluminio, lat\u00f3n y cobre. Ponte en contacto con nosotros","og_url":"https:\/\/www.fasb2.it\/es\/procesos\/corte-por-laser-de-chapas-metalicas\/","og_site_name":"Fasb Linea 2","og_image":[{"width":940,"height":788,"url":"https:\/\/www.fasb2.it\/wp-content\/uploads\/2025\/03\/10.png","type":"image\/png"}],"twitter_card":"summary_large_image","schema":{"@context":"https:\/\/schema.org","@graph":[{"@type":"WebPage","@id":"https:\/\/www.fasb2.it\/es\/procesos\/corte-por-laser-de-chapas-metalicas\/","url":"https:\/\/www.fasb2.it\/es\/procesos\/corte-por-laser-de-chapas-metalicas\/","name":"Corte por l\u00e1ser de chapas met\u00e1licas - Fasb Linea 2","isPartOf":{"@id":"https:\/\/www.fasb2.it\/es\/#website"},"primaryImageOfPage":{"@id":"https:\/\/www.fasb2.it\/es\/procesos\/corte-por-laser-de-chapas-metalicas\/#primaryimage"},"image":{"@id":"https:\/\/www.fasb2.it\/es\/procesos\/corte-por-laser-de-chapas-metalicas\/#primaryimage"},"thumbnailUrl":"https:\/\/www.fasb2.it\/wp-content\/uploads\/2025\/03\/10.png","datePublished":"2025-03-05T12:04:17+00:00","description":"Descubre la l\u00ednea de corte por l\u00e1ser de chapa 2 de Fasb: Tecnolog\u00eda l\u00e1ser de fibra para procesar hierro, acero inoxidable, aluminio, lat\u00f3n y cobre. Ponte en contacto con nosotros","breadcrumb":{"@id":"https:\/\/www.fasb2.it\/es\/procesos\/corte-por-laser-de-chapas-metalicas\/#breadcrumb"},"inLanguage":"es","potentialAction":[{"@type":"ReadAction","target":["https:\/\/www.fasb2.it\/es\/procesos\/corte-por-laser-de-chapas-metalicas\/"]}]},{"@type":"ImageObject","inLanguage":"es","@id":"https:\/\/www.fasb2.it\/es\/procesos\/corte-por-laser-de-chapas-metalicas\/#primaryimage","url":"https:\/\/www.fasb2.it\/wp-content\/uploads\/2025\/03\/10.png","contentUrl":"https:\/\/www.fasb2.it\/wp-content\/uploads\/2025\/03\/10.png","width":940,"height":788},{"@type":"BreadcrumbList","@id":"https:\/\/www.fasb2.it\/es\/procesos\/corte-por-laser-de-chapas-metalicas\/#breadcrumb","itemListElement":[{"@type":"ListItem","position":1,"name":"Home","item":"https:\/\/www.fasb2.it\/es\/pagina-de-inicio\/"},{"@type":"ListItem","position":2,"name":"Corte por l\u00e1ser de chapas met\u00e1licas"}]},{"@type":"WebSite","@id":"https:\/\/www.fasb2.it\/es\/#website","url":"https:\/\/www.fasb2.it\/es\/","name":"Fasb Linea 2","description":"","potentialAction":[{"@type":"SearchAction","target":{"@type":"EntryPoint","urlTemplate":"https:\/\/www.fasb2.it\/es\/?s={search_term_string}"},"query-input":{"@type":"PropertyValueSpecification","valueRequired":true,"valueName":"search_term_string"}}],"inLanguage":"es"}]}},"_links":{"self":[{"href":"https:\/\/www.fasb2.it\/es\/wp-json\/wp\/v2\/process\/4875","targetHints":{"allow":["GET"]}}],"collection":[{"href":"https:\/\/www.fasb2.it\/es\/wp-json\/wp\/v2\/process"}],"about":[{"href":"https:\/\/www.fasb2.it\/es\/wp-json\/wp\/v2\/types\/process"}],"wp:featuredmedia":[{"embeddable":true,"href":"https:\/\/www.fasb2.it\/es\/wp-json\/wp\/v2\/media\/4876"}],"wp:attachment":[{"href":"https:\/\/www.fasb2.it\/es\/wp-json\/wp\/v2\/media?parent=4875"}],"curies":[{"name":"wp","href":"https:\/\/api.w.org\/{rel}","templated":true}]}}

Corte por láser de chapas metálicas

<!-- This site is optimized with the Yoast SEO plugin v27.5 - https://yoast.com/product/yoast-seo-wordpress/ -->
<title>Corte por láser de chapas metálicas - Fasb Linea 2</title>
<meta name="description" content="Descubre la línea de corte por láser de chapa 2 de Fasb: Tecnología láser de fibra para procesar hierro, acero inoxidable, aluminio, latón y cobre. Ponte en contacto con nosotros" />
<meta name="robots" content="index, follow, max-snippet:-1, max-image-preview:large, max-video-preview:-1" />
<link rel="canonical" href="https://www.fasb2.it/es/procesos/corte-por-laser-de-chapas-metalicas/" />
<meta property="og:locale" content="es_ES" />
<meta property="og:type" content="article" />
<meta property="og:title" content="Corte por láser de chapas metálicas - Fasb Linea 2" />
<meta property="og:description" content="Descubre la línea de corte por láser de chapa 2 de Fasb: Tecnología láser de fibra para procesar hierro, acero inoxidable, aluminio, latón y cobre. Ponte en contacto con nosotros" />
<meta property="og:url" content="https://www.fasb2.it/es/procesos/corte-por-laser-de-chapas-metalicas/" />
<meta property="og:site_name" content="Fasb Linea 2" />
<meta property="og:image" content="https://www.fasb2.it/wp-content/uploads/2025/03/10.png" />
	<meta property="og:image:width" content="940" />
	<meta property="og:image:height" content="788" />
	<meta property="og:image:type" content="image/png" />
<meta name="twitter:card" content="summary_large_image" />
<script type="application/ld+json" class="yoast-schema-graph">{"@context":"https:\/\/schema.org","@graph":[{"@type":"WebPage","@id":"https:\/\/www.fasb2.it\/es\/procesos\/corte-por-laser-de-chapas-metalicas\/","url":"https:\/\/www.fasb2.it\/es\/procesos\/corte-por-laser-de-chapas-metalicas\/","name":"Corte por láser de chapas metálicas - Fasb Linea 2","isPartOf":{"@id":"https:\/\/www.fasb2.it\/es\/#website"},"primaryImageOfPage":{"@id":"https:\/\/www.fasb2.it\/es\/procesos\/corte-por-laser-de-chapas-metalicas\/#primaryimage"},"image":{"@id":"https:\/\/www.fasb2.it\/es\/procesos\/corte-por-laser-de-chapas-metalicas\/#primaryimage"},"thumbnailUrl":"https:\/\/www.fasb2.it\/wp-content\/uploads\/2025\/03\/10.png","datePublished":"2025-03-05T12:04:17+00:00","description":"Descubre la línea de corte por láser de chapa 2 de Fasb: Tecnología láser de fibra para procesar hierro, acero inoxidable, aluminio, latón y cobre. Ponte en contacto con nosotros","breadcrumb":{"@id":"https:\/\/www.fasb2.it\/es\/procesos\/corte-por-laser-de-chapas-metalicas\/#breadcrumb"},"inLanguage":"es","potentialAction":[{"@type":"ReadAction","target":["https:\/\/www.fasb2.it\/es\/procesos\/corte-por-laser-de-chapas-metalicas\/"]}]},{"@type":"ImageObject","inLanguage":"es","@id":"https:\/\/www.fasb2.it\/es\/procesos\/corte-por-laser-de-chapas-metalicas\/#primaryimage","url":"https:\/\/www.fasb2.it\/wp-content\/uploads\/2025\/03\/10.png","contentUrl":"https:\/\/www.fasb2.it\/wp-content\/uploads\/2025\/03\/10.png","width":940,"height":788},{"@type":"BreadcrumbList","@id":"https:\/\/www.fasb2.it\/es\/procesos\/corte-por-laser-de-chapas-metalicas\/#breadcrumb","itemListElement":[{"@type":"ListItem","position":1,"name":"Home","item":"https:\/\/www.fasb2.it\/es\/pagina-de-inicio\/"},{"@type":"ListItem","position":2,"name":"Corte por láser de chapas metálicas"}]},{"@type":"WebSite","@id":"https:\/\/www.fasb2.it\/es\/#website","url":"https:\/\/www.fasb2.it\/es\/","name":"Fasb Linea 2","description":"","potentialAction":[{"@type":"SearchAction","target":{"@type":"EntryPoint","urlTemplate":"https:\/\/www.fasb2.it\/es\/?s={search_term_string}"},"query-input":{"@type":"PropertyValueSpecification","valueRequired":true,"valueName":"search_term_string"}}],"inLanguage":"es"}]}</script>
<!-- / Yoast SEO plugin. -->

Corte por láser de chapas metálicas - Fasb Linea 2

Descubre la línea de corte por láser de chapa 2 de Fasb: Tecnología láser de fibra para procesar hierro, acero inoxidable, aluminio, latón y cobre. Ponte en contacto con nosotros
